uppose 96 = -2*v + 6*v. Let g be -5*3/(-15) + v. Calculate the highest common factor of 200 and g.
25
Let z(j) = -9*j - 5. Let a be z(-6). Suppose -2*t + 5*g + a = 0, t - 14 = 4*g + 18. Suppose 9 + 45 = 3*c. What is the highest common factor of t and c?
6
Let s = -10 + 9. Let p be (-35 + (-12)/4)*s. Let h = p + -8. What is the highest common factor of 30 and h?
30
Let s be (-40)/(-16)*(-14)/(-5). Suppose -2*m = -s*m - 4*l + 180, 3*m - 4*l = 76. What is the highest common divisor of 352 and m?
32
Suppose -863 - 537 = -7*a. Let k be a*(-2 + (-70)/(-25)). What is the greatest common divisor of k and 10?
10
Suppose 3*d + 25 = -s, -6 - 48 = 2*s + 2*d. Let l = s - -44. Suppose -4*q + 55 + 3 = 2*v, 4*v = -4*q + 52. Calculate the highest common divisor of q and l.
16
Suppose -4*c + 2*w = -480, 3*c - 368 = 2*w - 9. Suppose -5*x - 2*h + 55 = 0, -2*x + h = -25 + 3. Calculate the greatest common factor of c and x.
11
Suppose 2*u = 2, 0 = -2*k + 2*u + 2*u + 496. Suppose -2*y + 44 = -6. What is the highest common factor of k and y?
25
Suppose 4*x - 136 + 124 = 0. Suppose 2*h = -x*f + 778, 3*h - 146 = -4*f + 893. What is the highest common factor of 32 and f?
32
Let c(n) = -2*n + 27. Let h be c(12). Suppose i = 5*i - 268. Suppose -5*f + 18 = w, h*w + 5*f - 3*f - i = 0. Calculate the highest common factor of w and 184.
23
Let h(q) = 2*q + 9. Let w(x) = -x**2 - 7*x + 1. Let m be w(-6). Let u be h(m). What is the greatest common divisor of 46 and u?
23
Suppose -5*g = 16 - 101. Suppose 0 = -2*n - 5 + 7. Let u be (-680)/(-4)*(n - 2 - -2). What is the highest common divisor of u and g?
17
Let b(c) = 4*c**2 - 4*c - 12. Let y(x) = 5*x**2 - 4*x - 13. Let v(t) = 4*b(t) - 3*y(t). Let d be v(7). Calculate the highest common factor of 3 and d.
3
Suppose 0 = 3*z - 2*y - 21, 3*y + 2*y = -15. Suppose -3*t + z*k + 45 = 0, 0*k = 2*t - 3*k - 30. What is the highest common divisor of 105 and t?
15
Let r(k) = -2*k**2 - 11*k + 1. Let n be r(-4). Calculate the highest common factor of n and 377.
13
Let k = 540 - 282. Let c = -225 + 44. Let m = c + k. Calculate the highest common divisor of m and 11.
11
Let a = -172 - -115. Let k = 70 + a. Calculate the highest common divisor of k and 65.
13
Let j(i) = -7*i - 25. Let z be j(-4). What is the greatest common divisor of z and 7?
1
Let k(n) = -32*n - 1588. Let j be k(-62). Let f(a) = 2*a**2 + 4. Let m be f(-4). What is the highest common divisor of j and m?
36
Suppose -2*o - 6 - 6 = 0. Let i = o - -22. Let a = i - -4. Calculate the greatest common factor of 8 and a.
4
Let a be 1 + 1 - (3 + -4). Suppose 9 = a*p - 6. Suppose 0 = 3*j - 4*s - 104, -p*s - 100 = -5*j + 65. Calculate the highest common divisor of j and 42.
14
Let c be -1*(-1 + (-7)/1)*-1. Let m be (c/20)/((-1)/135). What is the greatest common factor of 81 and m?
27
Let r(t) = -6*t - 1. Let d be r(-7). Let q = d - 21. Let k be (8/14)/((-55)/(-770)). What is the highest common divisor of q and k?
4
Let y be 6/15 + 8/5. Let k be (-9)/2*(-12 - y). Calculate the highest common divisor of 42 and k.
21
Suppose -37*t = -34*t - 48. Suppose -t*m + 9*m + 126 = 0. Calculate the greatest common divisor of 24 and m.
6
Let g(j) = j**2 - 4*j. Let x(k) = -k**2 + 3*k + 1. Let f(m) = -5*g(m) - 6*x(m). Let h be f(6). Calculate the highest common divisor of 105 and h.
21
Suppose -l = -54 - 9. What is the highest common divisor of 28 and l?
7
Let v = 839 + -825. What is the highest common factor of v and 49?
7
Suppose 63*u - 34188 = -21*u. What is the highest common divisor of u and 22?
11
Let r(a) = 2*a - 4. Let o be r(3). Suppose 3*q - 164 = -4*i, 3*q + o*i - 167 = i. Calculate the greatest common factor of q and 8.
8
Suppose 22*n - 12975 + 3807 = -169*n. Suppose 2*q - 15 = -3*q. Calculate the highest common factor of n and q.
3
Suppose 41 = 4*j - 4*v - 51, -2*j + 46 = -4*v. What is the highest common divisor of 276 and j?
23
Let l = -573 - -699. What is the greatest common divisor of l and 168?
42
Suppose 0 = -2*p - 3*p + 2*n - 122, -p + 2*n - 18 = 0. Let m = -28 - p. Let v be ((-4)/(-12))/(m/(-36)). Calculate the greatest common divisor of v and 54.
6
Suppose 3*g = -g + 680. Suppose 28 + g = 3*u. Suppose -4*c + u = -6. What is the greatest common divisor of c and 108?
18
Let l be (-1)/4 - 65/(-4). Let p = 6478 - 6458. Calculate the highest common divisor of l and p.
4
Suppose -4*l = -72 + 8. Let f = 24 + -22. Calculate the highest common factor of f and l.
2
Suppose 404 + 212 = 14*g. Suppose -24 = -4*v + 20. Calculate the greatest common factor of v and g.
11
Suppose 0 = 4*c - 3*c - 17. Let n = -273 - -308. Let p = n - c. What is the highest common divisor of p and 6?
6
Let s = -21 - 133. Let b be s/(-3) + -2*2/(-6). Calculate the highest common divisor of 4 and b.
4
Let m(y) = -3*y + 82. Let b be m(27). Let w be (11/3 + -1)*3. What is the highest common divisor of b and w?
1
Suppose d = -2*d + f + 8, 4*d - 36 = -5*f. Suppose c - 2 = -d. Let l be (40/25)/(c/(-10)). What is the highest common divisor of l and 88?
8
Let g(s) = 8*s**2 - 2*s + 4. Let h be g(-3). Let t = h - 51. Suppose -2*z + 13 = -t. Calculate the greatest common divisor of z and 2.
2
Let t(c) = -3*c**3 + 17*c**2 + 8*c - 26. Let a be t(4). What is the highest common factor of a and 473?
43
Let g = -12 + 291. Suppose 7*y - g = -13. Calculate the highest common divisor of 57 and y.
19
Let m = -664 - -691. Let f(i) = i**2 + i - 1. Let p(t) = -8*t + 7. Let v(r) = 14*f(r) + 2*p(r). Let h be v(4). What is the greatest common divisor of m and h?
27
Suppose 20 = 4*u + 8. Suppose u*z - z - 304 = 0. Calculate the highest common factor of 19 and z.
19
Let y(a) = a**2 - 5*a + 1. Let o be y(5). Let l(r) = -498*r + 1. Let u be l(o). Let b be u/(-28) + (-1)/(-4). What is the highest common factor of b and 6?
6
Let n be 8/4*2/1. Suppose -6*v + 48 = -5*v. Suppose -n*u + 304 = h, u - 2*h - 19 = v. Calculate the greatest common divisor of 30 and u.
15
Let j(i) = 3 - 5 + 5*i + 12*i - 2. Let q be j(1). Calculate the highest common divisor of 13 and q.
13
Suppose -4*v = 4*j - 776, 2*j + 2*j - 772 = -5*v. Calculate the highest common factor of 88 and j.
22
Suppose -4*w = -w + 4*u - 51, 4*u = 4*w - 68. Let r = w - 93. Let b = r - -132. Calculate the greatest common factor of b and 14.
14
Let n be 70/30 + (-1)/3. Suppose -n*t - u = -4*u + 2, -t + 17 = 3*u. What is the greatest common factor of 2 and t?
1
Let i = -132 + 136. Let o be (20 - (i + -4)) + (-4)/2. What is the highest common divisor of o and 18?
18
Let n = -200 - -324. Suppose 0*m - 10 = -2*m. Suppose 116 = m*r - n. What is the greatest common divisor of r and 12?
12
Let y = 8 + 1. Let k = 152 + -144. Suppose 63 = 15*d - k*d. What is the greatest common divisor of y and d?
9
Let h be (207/18)/(3/(-6)). Let m = h - -64. Calculate the highest common divisor of m and 123.
41
Suppose -736 = -p + 5*t, 6*p + 1472 = 8*p + t. Calculate the highest common divisor of p and 160.
32
Suppose -t - 47 = -49. Calculate the highest common divisor of t and 106.
2
Let w be -1 + 1/(4 - 7146/1788). Calculate the highest common factor of w and 66.
33
Suppose 276 = w - c + 2*c, -2*c - 8 = 0. Suppose 4*o = -0*o - 5*v + w, 0 = 4*o - v - 304. Calculate the greatest common divisor of 30 and o.
15
Suppose -64 = -5*h + 41. Suppose 6*l = 7*l - h. Calculate the highest common factor of 7 and l.
7
Let r = 74 - -466. What is the greatest common factor of r and 432?
108
Suppose -4*j - 322 = -5*f, f + 204 = 4*f + 3*j. Let g = 194 - f. Let v = g + -73. What is the highest common factor of v and 22?
11
Suppose 0 = -2*t + 6*t + 144. Let k = t - -50. What is the highest common divisor of 112 and k?
14
Let c be 164 + (6 - (-6 - -15)). Calculate the highest common divisor of c and 23.
23
Suppose -4*n + 2730 = 22*n. What is the greatest common divisor of n and 15?
15
Let h(p) = -9*p**2 - 5 - 2*p + 10*p**2 + 14. Let u be h(3). What is the greatest common factor of 8 and u?
4
Suppose 2*t + t = 5*f + 149, 0 = -t - 2*f + 46. Let u(i) = -i**3 + i**2 + 274*i + 40. Let j be u(-16). Calculate the highest common factor of j and t.
8
Let q(t) = 4*t**3 + t**2 - t - 1. Let g be q(-2). Let c be (4/(-6))/(6/g). Suppose -a = c*a - 260. What is the highest common factor of a and 26?
13
Let g(y) = -y**3 - 14*y**2 + 14*y - 9. Let w be g(-16). Let 